 r**3 + 39*r**2 - 21*r + 118. What is the hundreds digit of v(-36)?
7
Let j be (-61110)/(-60)*4/3. Let z = j - 915. What is the tens digit of z?
4
Suppose 1060 = -12*n + 17*n. Let t = n - -273. What is the tens digit of t?
8
Suppose -23*s + 9*s = -3822. Suppose -s = 22*z - 25*z. What is the tens digit of z?
9
Suppose 6 = 2*m, 997*m - 1001*m - 11444 = -2*j. What is the thousands digit of j?
5
Let p be (-92)/(-69) - (-4)/6. Suppose 3*y + p*y = 4*g - 13, 0 = 3*g - 5*y - 11. Suppose -4*z - 98 = -q - g*z, -5*q + 2*z = -458. What is the tens digit of q?
9
Suppose -t + 1407 = f, 0 = 3*t - 6*f + 13*f - 4225. What is the units digit of t?
6
Suppose 3*q + y - 44691 - 57876 = 0, -2*q - y = -68379. What is the units digit of q?
8
Let k(t) = 18*t - 1563*t**2 - 8*t + 786*t**2 + 790*t**2 - 11. Let d(x) = -x**3 - x + 4. Let n be d(0). What is the units digit of k(n)?
7
Let p be ((-810)/120)/((-3)/152). What is the units digit of 1243/3 - (-19)/(p/(-24))?
3
Suppose -13*m - 13 = -26. What is the tens digit of 2*(m - -228 - 69/46)?
5
Suppose 42*h - 177655 - 733589 - 495966 = 0. What is the tens digit of h?
0
Suppose 0 = f - 3*b - 2082, 39*b - 35*b - 20 = 0. What is the thousands digit of f?
2
Suppose -4*b = -4*a - 216, -3*b = 5*a - 94 - 84. Suppose 0*z - b = -4*z - 5*w, 5*z - 3*w = 33. Let h(g) = 5*g + 19. What is the tens digit of h(z)?
6
Suppose 5*i + 193 = 4*r, -4*i - i = 2*r - 89. Suppose -43*x = 3*v - r*x - 2179, 738 = v + x. What is the tens digit of v?
3
Suppose -3*o = -3*x + 20019, -10*x + 7*x - 2*o = -20019. What is the units digit of x?
3
Suppose 5*v = 5*s + 29940, 4*v = 18*s - 22*s + 23968. What is the tens digit of v?
9
Let d = 336 - 277. Let q = d - 26. What is the units digit of q?
3
Suppose 5*b - 17 + 2 = 0. What is the tens digit of 0 + 3 + b + -3 + 407?
1
Let j(v) = 2*v**2 + 17*v + 1. Let s be j(-11). Let n = s - 47. What is the units digit of n/(-2 - 1) + 87?
4
Suppose 0 = n - 1 - 1. Suppose -2*r + 4*w = -33 + 3, -n*r - 10 = 4*w. Suppose -147 - 173 = -r*s. What is the tens digit of s?
6
Let v = 103 - 98. Suppose 0*z = -z - v*y + 12, 4*z - 2*y = 114. What is the units digit of z?
7
Let p(h) = -5*h**2 - 15*h + 10. Let i(d) = 14*d**2 + 43*d - 29. Let l(o) = 3*i(o) + 8*p(o). What is the tens digit of l(11)?
3
Suppose -27*k = -37*k + 33290. Suppose k = 8*c - 2703. What is the hundreds digit of c?
7
Let b(n) = 0*n**3 - 20 + n**3 + 5*n + 3 - 2*n. What is the tens digit of b(7)?
4
Let o(u) = -4*u - 1 - 1 + 7*u - 18. Let m be o(5). What is the tens digit of (m/(-2))/(-1)*-20?
5
Let y = 8322 + 1657. What is the tens digit of y?
7
Let u(v) be the first derivative of -v**3/3 + 13*v**2/2 - 22*v + 14. Let m be u(11). Suppose 1 = w - m*w, 0 = t - w - 100. What is the tens digit of t?
0
Let d(y) = y**2 + 6*y + 5. Let z be d(-6). Suppose 3*g - 707 = -z*r, 0 = g - 0*g + 3*r - 237. What is the hundreds digit of g?
2
Suppose -11*q - 12105 = -20*q. Suppose -4*x + 3*c = -5369, -101*c + 99*c + q = x. What is the thousands digit of x?
1
Suppose 92046 = -23*i + 46*i. What is the thousands digit of i?
4
Suppose 0 = -x + 3*h + h + 69, -223 = -3*x + 4*h. Suppose -11*u + 4*u - x = 0. Let k = u + 12. What is the units digit of k?
1
Suppose -b + 51 = 2*t - 1074, -t - 4 = 0. What is the hundreds digit of b?
1
Let p(c) = c**3 + 5*c**2 + 4*c + 3. Let j be p(-2). Suppose 0 = -6*x + 84 - 60. Suppose x*d = j*d - 105. What is the units digit of d?
5
Suppose -96 = -3*u + 318. Let d = 414 + u. What is the hundreds digit of d?
5
Suppose 5*i = 44 + 36. Suppose -3*q + 3*d + 42 = 0, -2*q - 7*d + i = -3*d. Suppose -3*u - q = u, -2*u = -h + 106. What is the hundreds digit of h?
1
Let n(w) = -105*w + 34*w - 32*w - 140*w + 35 - 119*w. What is the hundreds digit of n(-2)?
7
Let h(m) be the third derivative of m**5/60 + m**4/12 - 13*m**3/6 - 4*m**2. Let s be h(-5). Suppose 5*v - 213 = s*v. What is the tens digit of v?
7
Let i = 9832 + 324. What is the units digit of i?
6
Let d = 7385 + 3659. What is the ten thousands digit of d?
1
What is the units digit of (-119610)/(-6)*(8 + 133/(-105)*6)?
4
Let h = -228 - -235. Suppose 504 + 6860 = h*y. What is the thousands digit of y?
1
Let t = 148 + -90. Let x = -24 + -33. Let s = t - x. What is the units digit of s?
5
What is the tens digit of (-4)/66 - 2716/(-9603) - (-101977)/9?
3
Let j(v) = 10*v - 6. Let x be j(2). Let r(g) = -x - 27*g + 3*g + 13*g - 32*g. What is the units digit of r(-3)?
5
Suppose 0 = 3*s - 0*r - 3*r + 6, -s + 3*r - 6 = 0. Suppose 4*t - 5*a = -1, s = 3*t - 2*t + a - 11. What is the units digit of t/((-81)/(-24) + -3)?
6
Let c(u) = 5*u**2 - 24*u - 29. Suppose 0 = 7*t + 20*t + 270. What is the hundreds digit of c(t)?
7
Let u(p) = 419*p + 922. What is the tens digit of u(62)?
0
Suppose 5*c - 10 - 5 = 0. Suppose 3*m = -0*m + 3, -27 = -4*f - c*m. What is the hundreds digit of 501*((-2)/f)/(-1)?
1
Suppose -14*w + 17 = -31*w. What is the units digit of w - -4 - -506 - -2?
1
Suppose -3*a + 3*l = 3, 4*l = 6*a - 10*a + 4. Suppose a = 9*o - 5114 - 682. What is the units digit of o?
4
Let i(c) = -124*c - 638. What is the hundreds digit of i(-37)?
9
Let b be 6/5*30/(-9). Let u be -3 - -1*1*(17 + b). Suppose -5*t + 3*t + u = 0. What is the units digit of t?
5
Let w(k) = 142*k + 276. Let z be w(5). Suppose 4913 = 7*p + z. What is the tens digit of p?
6
Suppose -2*m + 14 = 4. Suppose 0 = 5*g - 4*c - 2877, -m*g + c = -c - 2871. What is the hundreds digit of g?
5
What is the thousands digit of -3*11669*((-6)/(-36) - (-12)/(-24))?
1
Suppose 2*g = 122 - 114. Suppose 2*u - g*y = 1574, -2359 = -3*u + 4*y + y. What is the tens digit of u?
8
Let u(k) = k**2 - 9*k + 12. Let r be u(7). Let b = 5 - r. What is the units digit of b?
7
Let x(v) = -v**3 + 82*v**2 + 23*v - 367. What is the thousands digit of x(82)?
1
Suppose 5*m + 3 = -3*q, -9 + 11 = 4*m - 2*q. Suppose -5*i - 1375 + 6120 = m. What is the hundreds digit of i?
9
Let u = -15983 + 26617. What is the ten thousands digit of u?
1
Let k be 10/30 - (88/(-3))/(-1). Let c = -28 - k. What is the tens digit of -2*c - -2 - (-2 - 44)?
4
What is the thousands digit of ((-1268)/(-10))/(110/1650)?
1
Let b = 52806 + -24689. What is the tens digit of b?
1
Let p = -415 - -417. Suppose -p*d + 3*z + 1935 = 0, 10*d - 4*z = 8*d + 1940. What is the hundreds digit of d?
9
Suppose 4*m + 38413 - 134043 = -17*t, -3*t + m + 16881 = 0. What is the hundreds digit of t?
6
Let i(u) = u - 29. Let v be i(-28). Let o = v - -699. What is the units digit of o?
2
Suppose -4*r - 522*c + 24083 = -525*c, -5*r = -c - 30090. What is the thousands digit of r?
6
Let g(t) = 8*t**2 - 6*t - 3. Let n be g(-3). Suppose 993 = 8*i - n. Let s = i - 62. What is the tens digit of s?
7
Let x = -4356 - -6262. What is the units digit of x?
6
Suppose 0 = 19*l - 22*l + 15. Suppose l*h = -4*a + 1, 4*h - 5*h - 23 = -5*a. Let i(r) = r**3 - 9*r - 6. What is the tens digit of i(a)?
2
Let w = -31809 - -63691. What is the units digit of w?
2
Suppose -261772 = -133*q + 96663. What is the tens digit of q?
9
Let f(h) = 89*h - 60. Let o be f(3). Suppose 3*a - o = -u + 4*u, 3*u = 5*a - 347. What is the tens digit of a?
7
Suppose 22*w = -424381 + 862154 + 1060933. What is the tens digit of w?
2
Suppose -2*o - d = 3*d, -6 = -4*o - 2*d. What is the hundreds digit of -5 - -3 - (o + -3)*206?
2
Let v(l) = 56*l**2 + 604*l + 4810. What is the thousands digit of v(-8)?
3
Let k be (15/2 + -8)*5878. Let s = -1782 - k. What is the thousands digit of s?
1
Let r = 5 - 11. Let l = 2372 - 2370. What is the units digit of l*((-123)/r)/1?
1
Let p = 60275 + -36012. What is the thousands digit of p?
4
Let v(y) = -317*y**3 - 3*y**2 + y + 1. Let u be v(1). Let s = u + 592. What is the hundreds digit of s?
2
Suppose 2*b + 5*z - 2803 = 8*z, 0 = -2*b - 4*z + 2768. Suppose 4*k + 0*k - g = b, -1739 = -5*k + 3*g. What is the tens digit of k?
4
Suppose 13*u - 266797 - 18089 = -25*u. What is the tens digit of u?
9
Let u = 3676 - 2836. What is the units digit of u?
0
Let s be ((-101)/(-3))/(-8 + (-3249)/(-405)). Let k = 2837 - s. What is the tens digit of k?
2
Let z = -73946 - -126205. What is the tens digit of z?
5
Suppose 4 = 5*v - 4*v. Suppose -f + v*d = -940, -4*d + 1877 + 2823 = 5*f. Suppose -n = 3*n - f. What is the hundreds digit of n?
2
Let m(j) = 9*j**2 - 16*j**2 + 8*j**2 - j - 601*j**3